**2 + 5 - 6*k**2 - 6*k + 12*k**2 - 4*k**2. Give q(-5).
10
Let r(y) = 2 - y**2 - 4*y**3 + 3*y - 4*y**3 + 7*y**3. Let t(d) = -d + 8. Let f be t(4). Suppose -4*c = -f*u + 12, 0 = u - 3*c + 5*c + 12. Determine r(u).
0
Let y = -9 - -15. Let z(p) = -p**3 + 6*p**2 + 3. Give z(y).
3
Suppose j + 2 = -o - 0*o, 2*j + 4*o - 2 = 0. Let u(l) = l**2 + 7*l + 2. Give u(j).
-8
Let y(x) be the first derivative of -5*x**2 - x - 19. Let a be (-2)/1*(-1)/(-2). Calculate y(a).
9
Suppose 2*p - 24 = -4*i, 8 + 0 = -2*p + 4*i. Suppose 2*b + 4 = -p. Let s(h) = h**3 + 3*h**2 - 4*h - 5. Give s(b).
-5
Let s = -27 + 23. Let d(o) = -o**2 - 2*o - 1. Give d(s).
-9
Let h(z) = -z + 3. Suppose 3*v = -13 + 37. Determine h(v).
-5
Let l(m) = 3*m - 1. Suppose -2*x + 10 = 0, 0 = -2*r + 2*x - 7*x + 23. What is l(r)?
-4
Let n(a) = -2*a**3 - 5*a - 3. Let d(r) = -r**3 - 2*r - 1. Let k(v) = -v**3 - 5*v**2 + 7*v + 1. Let m be k(-6). Let j(i) = m*d(i) + 2*n(i). Calculate j(1).
0
Let x(c) = c**2 - c. Let f(u) = 5*u**2 + 4*u + 6. Let g(r) = -f(r) + 4*x(r). Determine g(-8).
-6
Suppose -3*c = 2*c + 20. Let h(f) = -7*f - 11. Let b(o) be the second derivative of o**3 + 5*o**2 + 3*o. Let s(u) = -6*b(u) - 5*h(u). Give s(c).
-1
Suppose 0*v = 3*k + 3*v - 9, -k - 3*v = 5. Let r(p) = -p**3 + 6*p**2 + 5*p + 8. Calculate r(k).
-6
Let w(b) = b**2 - 8*b - 8. Suppose -2*l = 5*g - 21 - 20, 5*g = -l + 33. What is w(l)?
-8
Let w(u) = -u**2 + 6*u + 9. Let g be w(6). Let f(s) = -s + 7. Determine f(g).
-2
Let l(u) = -u**3 - 2*u**2 - 6. Let z be l(-3). Let v(r) = r**2 - r - 1. Calculate v(z).
5
Let m(d) = 4*d + 6*d + 8 - 13*d. Let l(o) = -4*o + 9. Let i(u) = -5*l(u) + 6*m(u). Let f(y) = y**2 + 3*y - 2. Let c be f(-2). Calculate i(c).
-5
Let w(l) be the third derivative of l**6/120 + l**5/12 - l**4/8 + l**3/3 - 7*l**2. Determine w(-6).
-16
Let h(c) be the first derivative of c**3/3 - 2*c**2 - c + 54. Calculate h(5).
4
Suppose 2*o = -3*o - 20, -2*n - 12 = 4*o. Suppose -11*w = -12*w + n. Let x(r) = 4*r + 2. What is x(w)?
10
Let g(o) = -o - 3. Let a(c) = 2 + 2*c**3 + 3*c**2 - c**3 - 5. Suppose b + 15 = p - 5*p, 0 = -b + 2*p + 3. Let f be a(b). Give g(f).
0
Let l(p) = -p**2 - p + 1. Let t = 7 - 5. What is l(t)?
-5
Let z(b) = -b**2 + b + 1. Let y be z(0). Let h(n) = -140*n**2 + 139*n**2 + n - 9*n**3 + 2*n**3. What is h(y)?
-7
Suppose c = -5*z - 20, -z - 10 = -2*c + c. Let u be 28/(-5) - (-2)/z. Let x(p) = -p**2 - 8*p - 8. Give x(u).
4
Let n(d) = 48*d + 2 - 49*d + 1. Determine n(7).
-4
Let n be (-15)/10*4/6. Let d(y) = 6*y - 1. Calculate d(n).
-7
Let u(m) = 7*m - 1. Let v be u(3). Suppose 0 = 5*a + 5*q + v, 13 = 2*a - 9*q + 4*q. Let s be -3 + 4 + (a - 0). Let d(z) = -z - 8. Determine d(s).
-8
Let q(v) = v**2 - 13*v + 27. Let h be q(11). Let p(i) be the first derivative of 3*i**2/2 - 7*i + 2. Determine p(h).
8
Let l(m) = -m**2 - 5*m - 4. Let b be l(-3). Suppose -5*g - 8 = b. Let q(t) = t + 1. What is q(g)?
-1
Let v(r) = 3*r + 3. Let h(f) = -f. Let o(c) = 2*h(c) + v(c). What is o(4)?
7
Let i(s) = -s**2 + 8*s + 5. Let t be i(8). Let p(j) = j + 19. Let x(n) = 2*n + 29. Let z(w) = -8*p(w) + 5*x(w). Give z(t).
3
Suppose 0 = -s - s + 4. Let k(a) = 3*a**2 - 2*a**s + 3*a**2 - 3*a. What is k(2)?
10
Let q(h) be the third derivative of h**5/20 + h**4/6 + h**3/3 + 12*h**2. What is q(-2)?
6
Let v(m) be the second derivative of -m**5/20 + m**4/12 - 2*m. Give v(2).
-4
Let b(n) = n + 5. Let y(i) = -6*i**2 - i + 2. Let a be y(1). What is b(a)?
0
Let c(a) = -a**2 - 2*a + 1. Let d be c(-3). Suppose g - 3*s = s - 7, -4*s = 5*g - 13. Let x be (d - (-1 + 0)) + g. Let j(w) = -w**2 + w + 1. What is j(x)?
1
Let n(g) = g**2 - 1. Suppose 0 = -5*p + 2 - 7. Let j(a) = a**2 + 2*a + 3. Let h(v) = p*j(v) - 2*n(v). Give h(-1).
-2
Let k(g) = -g**3 - 4*g**2 + 3*g + 4. Suppose p = 4*p. Let y = p + -4. Give k(y).
-8
Let y be -1*(-1 - 5)/1. Suppose 0 = -3*c + 5*u - 25, 4*u - y = 14. Let x(n) = n + 11. Give x(c).
11
Let p(l) be the first derivative of l**2 - 12. Calculate p(2).
4
Let v(m) be the first derivative of -m**4/4 - 5*m**3/3 - 3*m**2/2 - 5*m - 37. Give v(-4).
-9
Let u(k) = -k**3 - 6*k**2 - 4*k + 3. Suppose -a = -3*a - 10. What is u(a)?
-2
Let a(g) = -2*g**3 - g**2 + g. Let l be a(1). Let b(u) = 3*u**2 + 1. What is b(l)?
13
Let l(b) be the third derivative of -b**4/24 - b**3 - 90*b**2. Let k(p) = -2*p + 2. Let w be k(4). Determine l(w).
0
Let s = 6 - 2. Suppose -4*h - 5*t - 17 = 0, -6 = 2*h + 2*t - 0*t. Let i(x) = -8*x + 17. Let d(p) = 4*p - 8. Let j(k) = h*i(k) + 5*d(k). Give j(s).
10
Let i(r) = -1. Suppose -2*w - 3*w + 5 = 0. Let h(f) = f + 9. Let a(g) = w*h(g) + 6*i(g). What is a(-6)?
-3
Let q(y) be the second derivative of y**6/240 + y**5/60 + y**4/3 - 2*y. Let b(h) be the third derivative of q(h). Calculate b(2).
8
Let p(z) be the second derivative of 0 - 1/6*z**3 - 1/2*z**2 - 5*z. Let h(i) = i**3 - i**2 - i. Let m be h(2). What is p(m)?
-3
Let l(p) = 4*p + 1. Let a(q) = -q**2 + q + 4. Let b be a(3). Suppose 4*r + 27 = 11. Let v = r - b. What is l(v)?
-7
Let l(p) be the second derivative of 1/2*p**2 + 1/3*p**4 + 1/2*p**3 + 0 + 4*p + 1/20*p**5. Let o = -5 - -3. Give l(o).
3
Suppose 0 = 2*d - 2. Let y(z) = 15*z. What is y(d)?
15
Let y(l) = 0 + 4 + l - 4. Let u = 2 + -1. Suppose o + u = 2*o. What is y(o)?
1
Let m(w) = w - 9. Let n = -4 + 16. Let v = n - 6. Give m(v).
-3
Let f(a) = a**3 - 3*a**2 + 4*a - 2. Let l be f(3). Suppose -l = -k - k. Let c(r) = 3*r**2 + r**3 - 7*r**2 - 6*r + 4 + 0*r**2. Give c(k).
-1
Let t(i) = -2*i**3 - 2*i**2 + 1. Suppose 0 = -15*a + 6*a - 18. Calculate t(a).
9
Let g(t) = 7*t**2 + t - 8. Let v(o) = 6*o**2 - 7. Let f(a) = 5*g(a) - 6*v(a). Let i = 200 + -194. Determine f(i).
-4
Let g = -6 - -1. Let a = g + 5. Let m(y) = -y**2 - 3. Calculate m(a).
-3
Suppose -2*d + 26 = -4*g - g, -d - 4*g = 13. Let l(b) be the second derivative of 3/2*b**2 - 2*b - 1/6*b**d + 0. Determine l(0).
3
Suppose 19 = 5*u + 4. Let g(i) be the first derivative of 1/2*i**2 + u - 5*i. What is g(4)?
-1
Let c(v) = v**2 + 6*v. Let a = 52 - 57. Determine c(a).
-5
Let n(b) be the second derivative of -b**4/12 - b**3/3 + 5*b**2/2 + 39*b. Determine n(-4).
-3
Suppose n = 7 - 1. Let x(i) = -i + 2. Calculate x(n).
-4
Let s = -63 - -71. Let i(t) = -t + 3. What is i(s)?
-5
Let y be (0 + -1)/(2/(-4)). Let h(p) = p**2 - y + 3 + 4 - 4 + 5*p. Let q be -4 + (-2)/(-2)*0. What is h(q)?
-3
Suppose -13 = -a - 1. Suppose q - 4*q = a. Let v(f) = f**2 + 3*f. What is v(q)?
4
Let t(i) = -i**3 + 3*i**2 + 4*i + 4. Suppose 3*o - 1 = 4*o. Let h = o - 5. Let m be 3/9 + (-22)/h. Calculate t(m).
4
Let b(t) = 0*t - t - 1 + 3. Let g(y) be the second derivative of y**3/6 - y**2/2 - 4*y. Let c be g(5). Calculate b(c).
-2
Let l(z) = z**2 + 4*z**2 + 25 - z**3 - 20. Calculate l(5).
5
Let f(o) = o**3 - 2*o**2 - 4*o + 3. Let z(s) = -s**2 - s. Let n(r) = 5*r**2 + 10*r. Let b(i) = n(i) + 4*z(i). Let a be b(-7). Let j = a + -4. Determine f(j).
0
Suppose -4*z = p + 6, 0 = 5*z - 7*p + 2*p - 5. Let y(v) = 2*v + v + 12*v**2 - 2*v**2 - 2*v. What is y(z)?
9
Let v = 5 + -2. Let g(j) be the first derivative of -j**4/4 + 4*j**3/3 - 3*j**2/2 + 3*j - 54. What is g(v)?
3
Let r(y) = -y**3 + 3*y**2 - 3*y + 2. Let h(u) = -u**3 + 5*u**2 - 5*u + 6. Let l be h(4). Let o = l - 0. What is r(o)?
0
Let d(l) = 7 - 24 + 10 + 13*l + 6. What is d(-1)?
-14
Let s(w) be the second derivative of -w**4/24 - w**3/2 - w**2/2 - w. Let c(h) be the first derivative of s(h). What is c(-6)?
3
Let d be (3/9)/((-4)/12). Let t(k) = 9*k - 6. Let r(j) = -j + 1. Let q(y) = -6*r(y) - t(y). What is q(d)?
3
Let l(i) = -i**3 - 6*i**2 - 8*i. Let w be l(-4). Let s(f) = f**2 - 7. Calculate s(w).
-7
Suppose 4*t = m - 12, -t - 3 = 1. Let o(p) = -p**2 - p + 4. Calculate o(m).
-8
Let t(s) = -s - 8. Suppose 3*f - 22 = -4. What is t(f)?
-14
Let j be (6/7)/(1/7). Let r(m) = -m + 1. Let l(c) = -7*c + 3. Let t(y) = j*r(y) - l(y). Determine t(-3).
0
Let z(l) = 3*l**2 + l - 2. Let c be 2*(-1 + 9/(-6)). Let r(g) = 7*g**2 + 2*g - 3. Let w(h) = c*z(h) + 3*r(h). Calculate w(-1).
6
Let v(o) = -7*o - 3. Let y be 15/5 - (1 - 0). Suppose -2*d = -y*r, 4*r - 3 = 3*d - 5. Determine v(d).
11
Let d = -12 + 15. Let l(q) = -d*q - 2*q + 4 + q + 3*q. What is l(3)?
1
Let k(v) = v**2 - 3*v - 2. Let y = -13 - -17. Give k(y).
2
Let m(n) be the third derivative of -n**4/24 - 7*n**